{"id":10,"date":"2012-11-28T14:40:34","date_gmt":"2012-11-28T12:40:34","guid":{"rendered":"http:\/\/apartments.saler.at\/?page_id=10"},"modified":"2016-01-29T09:38:33","modified_gmt":"2016-01-29T08:38:33","slug":"links","status":"publish","type":"page","link":"https:\/\/apartments.saler.at\/?page_id=10","title":{"rendered":"Links"},"content":{"rendered":"<h1>Weiterf\u00fchrende Links<\/h1>\n<p>Falls Sie sich etwas mehr \u00fcber unsere traumhafte Region informieren m\u00f6chten, stehen ihnen ein paar hilfreiche Links zur Verf\u00fcgung.<\/p>\n<table width=\"0\" cellspacing=\"0\">\n<tbody>\n<tr>\n<td align=\"left\"><strong>Silbertal<\/strong><\/td>\n<td width=\"80\"><\/td>\n<td align=\"left\"><strong>Montafon<\/strong><\/td>\n<td width=\"80\"><\/td>\n<td align=\"left\"><strong>Wetter und WebCams<\/strong><\/td>\n<\/tr>\n<tr>\n<td align=\"left\" valign=\"top\"><a class=\"LLink\" href=\"http:\/\/www.silbertal.at\" target=\"_blank\">Silbertal<\/a><br \/>\n<a class=\"LLink\" href=\"http:\/\/www.vorarlbergvonoben.at\/video\/De\/188Silbertal\" target=\"_blank\">Silbertal von Oben<\/a><br \/>\n<a class=\"LLink\" href=\"http:\/\/www.freilichtspiele.at\" target=\"_blank\">Freilichtpiele<\/a><br \/>\n<a class=\"LLink\" href=\"http:\/\/www.skisilbertal.at\" target=\"_blank\">Schischule<\/a><br \/>\n<a class=\"LLink\" href=\"http:\/\/www.silbertaler.com\" target=\"_blank\">Die Silbertaler<\/a><br \/>\n<a class=\"LLink\" href=\"http:\/\/www.kristbergbahnen.at\" target=\"_blank\">Kristbergbahn<\/a><br \/>\n<a class=\"LLink\" href=\"http:\/\/www.silbertal.at\/Region-&amp;-Kultur-303-de.html\" target=\"_blank\">Ortsinfo<\/a><br \/>\n<a class=\"LLink\" href=\"http:\/\/www.silbertal.at\/Kunst-und-Kultur-357-de.html\" target=\"_blank\">Kunst &amp; Kultur<\/a><\/td>\n<td><\/td>\n<td align=\"left\" valign=\"top\"><a class=\"LLink\" href=\"http:\/\/www.silvretta-montafon.at\" target=\"_blank\">Silvretta Montafon<\/a><br \/>\n<a class=\"LLink\" href=\"http:\/\/www.aktivpark-montafon.at\" target=\"_blank\">Aktivpark Montafon<\/a><br \/>\n<a class=\"LLink\" href=\"http:\/\/www.golfclub-montafon.at\" target=\"_blank\">Golfclub Montafon<\/a><br \/>\n<a class=\"LLink\" href=\"http:\/\/www.mountainbeach.at\" target=\"_blank\">Mountainbeach<\/a><br \/>\n<a class=\"LLink\" href=\"http:\/\/www.montafon.bergfuehrer.at\" target=\"_blank\">Bergf\u00fchrer<\/a><br \/>\n<a class=\"LLink\" href=\"http:\/\/www.silbertal.at\/ViewPage.asp?Site=SILBERTAL2&amp;PageID=350\" target=\"_blank\">Kinderangebot<\/a><br \/>\n<a class=\"LLink\" href=\"http:\/\/www.silbertal.at\/Schlechtwetterprogramm-351-de.html\" target=\"_blank\">Schlechtwetter<\/a><\/td>\n<td><\/td>\n<td align=\"left\" valign=\"top\"><a class=\"LLink\" href=\"http:\/\/www.silvretta-montafon.at\/de\/100756\/webcams.html\" target=\"_blank\">Silvretta Montafon<\/a><br \/>\n<a class=\"LLink\" href=\"http:\/\/members.aon.at\/kristbergbahn\/livebild\/bergstation.jpg\" target=\"_blank\">Kristbergbahn<\/a><br \/>\n<a class=\"LLink\" href=\"http:\/\/wetter.vol.at\/vorarlberg\/silbertal\" target=\"_blank\">Wetter VOL<\/a><br \/>\n<a class=\"LLink\" href=\"http:\/\/www.wetter.at\/wetter\/oesterreich\/vorarlberg\/silbertal\" target=\"_blank\">Wetter.at<\/a><\/td>\n<\/tr>\n<\/tbody>\n<\/table>\n<p style=\"text-align: right;\"><strong>Jeder, der sich die F\u00e4higkeit erh\u00e4lt, Sch\u00f6nes zu erkennen, wird nie alt werden.<\/strong><br \/>\n<em>(Franz Kafka)<\/em><\/p>\n","protected":false},"excerpt":{"rendered":"<p>Weiterf\u00fchrende Links Falls Sie sich etwas mehr \u00fcber unsere traumhafte Region informieren m\u00f6chten, stehen ihnen ein paar hilfreiche Links zur Verf\u00fcgung. Silbertal Montafon Wetter und WebCams Silbertal Silbertal von Oben Freilichtpiele Schischule Die Silbertaler Kristbergbahn Ortsinfo Kunst &amp; Kultur Silvretta &hellip; <a href=\"https:\/\/apartments.saler.at\/?page_id=10\">Weiterlesen <span class=\"meta-nav\">&rarr;<\/span><\/a><\/p>\n","protected":false},"author":1,"featured_media":0,"parent":0,"menu_order":4,"comment_status":"closed","ping_status":"closed","template":"","meta":{"ngg_post_thumbnail":0,"footnotes":""},"class_list":["post-10","page","type-page","status-publish","hentry"],"_links":{"self":[{"href":"https:\/\/apartments.saler.at\/index.php?rest_route=\/wp\/v2\/pages\/10","targetHints":{"allow":["GET"]}}],"collection":[{"href":"https:\/\/apartments.saler.at\/index.php?rest_route=\/wp\/v2\/pages"}],"about":[{"href":"https:\/\/apartments.saler.at\/index.php?rest_route=\/wp\/v2\/types\/page"}],"author":[{"embeddable":true,"href":"https:\/\/apartments.saler.at\/index.php?rest_route=\/wp\/v2\/users\/1"}],"replies":[{"embeddable":true,"href":"https:\/\/apartments.saler.at\/index.php?rest_route=%2Fwp%2Fv2%2Fcomments&post=10"}],"version-history":[{"count":16,"href":"https:\/\/apartments.saler.at\/index.php?rest_route=\/wp\/v2\/pages\/10\/revisions"}],"predecessor-version":[{"id":438,"href":"https:\/\/apartments.saler.at\/index.php?rest_route=\/wp\/v2\/pages\/10\/revisions\/438"}],"wp:attachment":[{"href":"https:\/\/apartments.saler.at\/index.php?rest_route=%2Fwp%2Fv2%2Fmedia&parent=10"}],"curies":[{"name":"wp","href":"https:\/\/api.w.org\/{rel}","templated":true}]}}